 (-102 - -100)) + 6.
-3
-7 + (5 - 2) + (-6 - -7)
-3
(-4 - -4) + 3 + 2 + -2
3
Evaluate -2 + 13 + -3 + -7.
1
Evaluate -5 - ((1 - -2) + -9 - -3).
-2
Calculate -1 + (-6 - -6) + -3.
-4
What is 2 - (-16 + 10 + 13)?
-5
Evaluate 0 + 4 + (-15 - -12).
1
Evaluate (-8 - (-14 - -8)) + (8 - 1).
5
Evaluate (-2 - 0) + 3 - (0 + 0).
1
What is the value of 1 - (-5 + 5) - 2?
-1
What is the value of (1 - -3 - 8) + 0 + 9?
5
Evaluate (5 - -4 - 8) + 1 + -3.
-1
What is 1 + -6 + -10 + 9?
-6
What is the value of 9 - (13 - (-4 + 11))?
3
Calculate (-4 - 4) + (0 + 8 - 0).
0
What is 0 + (-2 - 2) - 0?
-4
Evaluate -4 - (-2 + (0 - 1)).
-1
What is the value of 2 - 4 - (0 - 0)?
-2
Evaluate 37 + -34 + 1 + (0 - 1).
3
Calculate -24 + 18 + -1 + -3 + 14.
4
What is (-3 - 1) + 0 + 2?
-2
Evaluate (8 - 21) + (3 - (-7 - -4)).
-7
What is 2 + -4 - (3 + -3)?
-2
What is 31 + -34 - (-3 + -3)?
3
What is (-4 - (1 - -1)) + 30 + -28?
-4
0 - 1 - (104 + -102)
-3
Calculate -1 - -4 - 3 - (3 + -4).
1
Evaluate -8 + 15 + -4 + 0.
3
What is the value of -2 + (9 - 3) - -1?
5
(-5 - -7) + -1 + -3
-2
Calculate -7 - (11 - (-3 - -24)).
3
Calculate (-3 - (3 + -4)) + 3.
1
Calculate 8 + -3 + -2 - (9 + -10).
4
-3 - -2 - (-1 - (3 + -1))
2
What is (1 - 3) + 2 + -2?
-2
What is the value of 13 + (-6 - 12) - (-5 + 1)?
-1
What is 11 - 2 - 4 - 2?
3
What is 12 - 4 - 6 - -8?
10
1 + -1 - ((-1 - 6) + 10)
-3
Evaluate (0 - (-1 + 2)) + -1 + -4.
-6
Calculate -2 + (6 - (3 + -7 + 7)).
1
What is the value of (-3 - 9) + (20 - 13)?
-5
Evaluate 0 - (3 - 3) - (4 - 2).
-2
Calculate (-5 - -1) + 7 + -7.
-4
Evaluate -7 - ((0 - 2) + -1).
-4
2 - ((-6 + 7 - 6) + 3)
4
What is the value of 8 - (12 + -9 + 5)?
0
Evaluate (11 - 2) + (0 - 4).
5
What is 6 + 0 + (4 - 5) - 1?
4
What is -8 - ((-5 - -2) + 9 + -11)?
-3
(-9 - -5) + 0 - -8
4
Calculate (55 - 52) + -2 + 8.
9
Calculate -9 + 12 + (-1 - 0).
2
Evaluate -4 - -3 - (-3 + 9 - 2).
-5
-8 - (-5 - (-8 + 3 - -4))
-4
What is 7 + (1 - 5) + 3 + -1?
5
What is 1 + 0 - 1 - 3?
-3
Evaluate 0 + (4 - (-1 + 4)).
1
What is -5 + (5 - -3) + -7?
-4
What is the value of 4 + -4 + 1 + -2?
-1
-5 + (-1 - (7 + -7))
-6
Evaluate 5 - ((1 - -5) + -1 + 3).
-3
What is (-5 - -1) + (-4 - -7)?
-1
Calculate -1 - (10 - (5 + 2)).
-4
What is the value of (-1 - (-1 + -4)) + -9?
-5
Evaluate -11 - (0 + (5 - 6) - 6).
-4
What is 10 - -2 - 12 - 3?
-3
What is 18 + -18 + (0 - 3)?
-3
What is the value of -5 - (4 + -1 - (-1 - -5))?
-4
Evaluate 0 - (5 - (-3 - 2)).
-10
(4 + -8 - -4) + (-3 - -7)
4
Evaluate -4 - (-6 + 3 - (1 - 4)).
-4
What is the value of 8 + -10 - (-7 - (-5 - -2))?
2
Calculate -8 - (6 + -11) - -12.
9
-18 + 14 + 4 + -2 + -1
-3
What is the value of (2 - 2) + -14 + 6 - -4?
-4
What is the value of 7 + (-11 - 0) + 2?
-2
(0 - 4) + (13 - 8)
1
Calculate 1 - (0 + 2 + (3 - 1)).
-3
What is the value of -1 + 2 + 0 + (-3 - -5)?
3
Evaluate 5 - (-6 + 17 - 3).
-3
Calculate 4 + -1 + -5 - (4 + -7).
1
What is the value of -11 + 3 - -4 - (3 - 9)?
2
(-4 + 0 - 3) + 4
-3
Calculate 2 + (4 - (-4 - -5)).
5
Calculate 6 + (-10 - (-6 - -6)).
-4
What is the value of 1 - (3 + -4 - -1)?
1
What is the value of -1 - (-4 - (-9 + -4 - -6))?
-4
Calculate -9 + (4 - 1 - -3) - -13.
10
Evaluate -6 + 0 + 3 + (0 - 0).
-3
Evaluate 6 - 3 - (8 + 2).
-7
What is 19 - (-9 + 22) - -4?
10
4 + (-5 - -3) - (0 + -1)
3
Calculate 4 + -2 + -6 + 7.
3
2 + 0 + 1 + 1 + -8
-4
What is the value of -40 + 36 - (0 + 0)?
-4
-1 - 13 - (-11 + 3)
-6
Evaluate (-5 - -9) + 1 - 2.
3
Calculate -3 - 2 - ((8 - 9) + -9).
5
1 - (-1 - (7 + (8 - 13)))
4
Evaluate 0 - (9 - (3 - -1)).
-5
What is the value of 3 - -4 - (6 + -4)?
5
Calculate -4 - (-3 - 0 - 6).
5
Evaluate 2 - (8 - 5 - 0).
-1
Evaluate (-1 + (-8 - -5) - 8) + 4.
-8
What is 1 + 3 + -2 + -3 + 3?
2
What is -1 + (2 - 7) + (-7 - -22)?
9
7 - (-4 - (-21 - -5 - 3))
-8
7 - (1 - 6 - (-54 - -44))
2
What is 2 + (-6 - 1) - (-105 - -106)?
-6
What is (-1 - -1) + 2 - (0 - 2)?
4
Calculate 0 - 0 - (-35 + 32).
3
What is the value of -2 + 9 + 23 + -34?
-4
What is -4 + 2 + 4 + -5?
-3
What is (-11 - -4) + 6 - -4?
3
Evaluate 5 - (-6 - (-7 - 4)).
0
Evaluate (-18 + 19 - (2 - 3)) + -4.
-2
What is (1 - -4) + 2 + -2?
5
(-4 - 0) + 4 - -5
5
8 + -3 + (0 - 1)
4
What is (4 - -2) + 1 + 24 + -29?
2
Calculate -7 + (12 - 1 - (29 + -22)).
-3
What is the value of (3 - 4) + -1 + 0 + -2?
-4
What is the value of (-1 - 2) + 5 + -4?
-2
3 + -9 + 2 - -1
-3
What is 1 + -2 + (-4 - -2)?
-3
Calculate (7 - 5 - 1) + 1 + 2.
4
What is the value of (-1 - -1) + (-6 - -6)?
0
8 + -1 - (7 + -3)
3
Calculate -4 - -9 - 4 - 0.
1
Calculate 0 - (-4 + (7 - 5)) - 3.
-1
Evaluate 2 - (-6 - (8 + -8)) - 7.
1
Calculate 4 + -3 + 7 - 4.
4
(5 - -1) + -1 - (-108 - -107)
6
Calculate 1 + -2 - (-8 - (-2 + -5)).
0
What is the value of 3 - ((2 - 0) + 4)?
-3
0 - (6 - 6) - (4 + 1)
-5
What is 5 + -2 + -5 - 0?
-2
What is 1 + (-1 - 1) - (9 + -6)?
-4
What is (-1 - -5) + 42 + -51?
-5
What is the value of -7 + 6 + -7 + 5?
-3
What is the value of 0 + (6 + -3 - (2 + -1))?
2
What is 0 + (1 - 19 - -9)?
-9
What is (6 - 5) + (1 - 3)?
-1
What is (-1 - -2) + 1 + -1 + 3?
4
What is the value of (3 + -3 - -2) + -1 + 2?
3
2 - (6 + -1 + 0 + 2)
-5
(2 - 3) + (-6 - -11)
4
Evaluate (8 - 7) + -7 - -4.
-2
Evaluate (8 - 2) + 2 - 8.
0
(3 - (0 + 2)) + 2 + -8
-5
Calculate -5 + 1 + 5 + -3.
-2
7 + -2 + (18 - 22) - 1
0
What is 9 + -11 + (-2 - -1)?
-3
-14 - -10 - ((2 - 1) + -2)
-3
What is the value of 0 + (5 - (-1 - -5))?
1
Evaluate (7 - 2) + (-4 - 1) + -2.
-2
Calculate (-1 - 1) + 5 + -3 + 1.
1
What is (6 - -7) + 2 - (-1 - -7)?
9
2 + (-8 - 4) - -6 - -6
2
-1 + -3 - (-5 + 1)
0
Calculate -5 + (1 - (-2 + -2 - 0)).
0
What is the value of 3 - (15 + -10 - 2)?
0
Calculate 16 + -12 + 1 + 0 + 2.
7
Calculate -3 - (7 + -3) - -3.
-4
Calculate -10 + (8 - 7) + 7.
-2
What is the value of 3 + (3 - (14 + -7))?
-1
Evaluate (-7 - -12) + -10 + 4 + 3.
2
Calculate 6 - (4 + 5 + (-9 - -3)).
3
What is the value of (-1 - -4 - (-2 - -4)) + -3?
-2
What is (-1 + 7 - 12) + 2 + -1?
-5
4 + (-1 + -1 - -1)
3
Evaluate (-1 - -5) + 1 + -2.
3
What is the value of 6 + 6 + (-9 + -1 - -3)?
5
Calculate 0 + 11 + -5 + -6.
0
Calculate -7 + 1 - (0 + -3 + 1).
-4
What is (-14 - -1) + 7 - (0 - 4)?
-2
3 - (0 - (-2 + 3) - -2)
2
(1 + -5 + 0 - 4) + 3
-5
Evaluate 3 + 6 - 7 - 6.
-4
9 + -16 - (-6 + 5)
-6
What is 0 + (3 - (2 - -5)) - -3?
-1
What is (2 - -2 - 2) + -2 + 4?
4
Calculate (-1 - 3 - 6) + 4 + 11.
5
Evaluate -3 + (-1 - -1) + (-600 - -597).
-6
Evaluate (-9 - (0 + 0)) + -21 + 25.
-5
Evaluate -6 + 1 - -4 - (0 + 1).
-2
What is the value of 5 - (1 + 4 + -1 + -1)?
2
Calculate -3 + 3 + 1 + 0.
1
What is the value of 2 + (1 - 3 - -1) + -2?
-1
Evaluate 2 + (-24 - -15) - (-6 - -2).
-3
Calculate (-5 - -2) + 2 - -9.
8
What is the value of -4 + (-4 - (-24 + 11))?
5
What is the value of 8 + 9 + -5 - 14?
-2
Evaluate (-11 - -1) + 23 + -20.
-7
Calculate 7 - 3 - (5 + -1).
0
Calculate 7 + (6 - 16) + -1 + 0.
-4
Evaluate -5 + 7 - (11 + -9 + -4).
4
(-20 - -25) + (0 - 0)
5
Evaluate -3 + -2 + (1 - -1).
-3
What is the value of (-7 - -4) + 5 - -3?
5
2 - (-13 - (-11 + -2))
2
What is the value of (1 - 12) + 5 - (-8 + 3)?
-1
What is 7 - (7 - (-10 - -4))?
-6
What is the value of 0 + -1 + (16 - 2 - 9)?
4
What is the value of (3 - 1) + 0 - (4 - 2)?
0
What is 2 + 0 + 2 + -5?
-1
-10 - (2 - (-2 - -2 - -5))
-7
What is 61 + -62 - (-1 + 2)?
-2
What is the value of (0 - -1) + -22 + 21?
0
What is the value of -17 + (-3 + 5 - 1 - -5)?
-11
What is 0 + (-2 - -4) - 2?
0
Calculate 1 - (4 - (-1 + -4 + 7)).
-1
Calculate 7 - 8 - (1 + -6 - -2).
2
Calculate 1 - 2 - (-6 + 8) - 0.
-3
(4 - (0 + 3 + -2)) + 2
5
Calculate -2 + 2 - (-2 + 6 - 2).
-2
Evaluate -4 - ((-5 + 0 - -4) + 1).
-4
What is the value of 1 - (-2 + (7 - -3) - 1)?
-6
What is the value of (4 - 0) + -1 + -2?
1
What is the value of 1 + 0 + -6 + 7?
2
What is the value of 3 - (0 - 3 - (5 - 14))?
-3
-5 + (-1 - (7 + -7 + -3))
-3
Calculate 3 - (1 + -2 - (1 - 0)).
5
What is the value of -2 - (6 - (5 + -4))?
-7
What is the value of -4 + 1 + 0 + 0?
-3
Evaluate 15 - 9 - (6 + 0).
0
-1 + (0 - -4) + -3
0
What is the value of 0 + (-7 - -15 - 2)?
6
0 - -3 - (-10 + 13)
0
Calculate (6 - 1 - 1) + 0.
4
Calculate (3 - (-7 - -17)) + (0 - -2).
-5
Calculate -1 + 6 + (-18 - -17).
4
What is 4 + 7 + (-3 + -1 - 2)?
5
1 + -6 - -3 - 3
-5
Calculate (-1 - ((4 - 8) + 4)) + -1.
-2
Evaluate (0 - 5) + -5 + -3 + 7.
-6
Evaluate -4 + 0 + -3 + 4.